5741.
25741
List the prime factors of 16332.
2, 3, 1361
What are the prime factors of 1573?
11, 13
What are the prime factors of 42?
2, 3, 7
List the prime factors of 3336.
2, 3, 139
List the prime factors of 9058.
2, 7, 647
What are the prime factors of 34609?
53, 653
List the prime factors of 58723.
7, 8389
What are the prime factors of 9353?
47, 199
What are the prime factors of 2789?
2789
What are the prime factors of 520?
2, 5, 13
What are the prime factors of 134238?
2, 3, 13, 1721
List the prime factors of 22586.
2, 23, 491
List the prime factors of 124432.
2, 7, 11, 101
List the prime factors of 47593.
7, 13, 523
What are the prime factors of 6471?
3, 719
What are the prime factors of 1143?
3, 127
List the prime factors of 7955.
5, 37, 43
What are the prime factors of 29039?
71, 409
What are the prime factors of 26535?
3, 5, 29, 61
List the prime factors of 27326.
2, 13, 1051
What are the prime factors of 18792?
2, 3, 29
What are the prime factors of 746?
2, 373
List the prime factors of 3601.
13, 277
What are the prime factors of 2061?
3, 229
What are the prime factors of 3694?
2, 1847
What are the prime factors of 70549?
70549
What are the prime factors of 29581?
29581
List the prime factors of 2036.
2, 509
List the prime factors of 15737.
15737
What are the prime factors of 96229?
7, 59, 233
What are the prime factors of 28453?
37, 769
What are the prime factors of 22452?
2, 3, 1871
What are the prime factors of 14755?
5, 13, 227
List the prime factors of 20981.
20981
What are the prime factors of 1556?
2, 389
List the prime factors of 2218.
2, 1109
List the prime factors of 3854.
2, 41, 47
What are the prime factors of 10300?
2, 5, 103
What are the prime factors of 143654?
2, 7, 31, 331
What are the prime factors of 3506?
2, 1753
List the prime factors of 2140.
2, 5, 107
List the prime factors of 5820.
2, 3, 5, 97
What are the prime factors of 797?
797
What are the prime factors of 1197?
3, 7, 19
List the prime factors of 93888.
2, 3, 163
List the prime factors of 1344.
2, 3, 7
What are the prime factors of 1624?
2, 7, 29
What are the prime factors of 6162?
2, 3, 13, 79
What are the prime factors of 10263?
3, 11, 311
What are the prime factors of 11752?
2, 13, 113
What are the prime factors of 2076?
2, 3, 173
What are the prime factors of 5376?
2, 3, 7
What are the prime factors of 446?
2, 223
What are the prime factors of 19247?
19, 1013
What are the prime factors of 70310?
2, 5, 79, 89
What are the prime factors of 820?
2, 5, 41
What are the prime factors of 754?
2, 13, 29
What are the prime factors of 2875?
5, 23
List the prime factors of 28698.
2, 3, 4783
What are the prime factors of 9774?
2, 3, 181
List the prime factors of 3089.
3089
List the prime factors of 3176.
2, 397
What are the prime factors of 2020?
2, 5, 101
What are the prime factors of 8541?
3, 13, 73
List the prime factors of 2468.
2, 617
List the prime factors of 3221.
3221
What are the prime factors of 10664?
2, 31, 43
List the prime factors of 7667.
11, 17, 41
What are the prime factors of 2930?
2, 5, 293
What are the prime factors of 4652?
2, 1163
List the prime factors of 68363.
137, 499
List the prime factors of 498.
2, 3, 83
What are the prime factors of 4687?
43, 109
List the prime factors of 9227.
9227
What are the prime factors of 45738?
2, 3, 7, 11
What are the prime factors of 32630?
2, 5, 13, 251
What are the prime factors of 13543?
29, 467
What are the prime factors of 76?
2, 19
List the prime factors of 7145.
5, 1429
List the prime factors of 11255.
5, 2251
List the prime factors of 190879.
13, 14683
List the prime factors of 28193.
11, 233
List the prime factors of 6997.
6997
List the prime factors of 147839.
19, 31, 251
What are the prime factors of 41037?
3, 13679
What are the prime factors of 4628?
2, 13, 89
What are the prime factors of 452?
2, 113
What are the prime factors of 1854?
2, 3, 103
What are the prime factors of 91?
7, 13
List the prime factors of 152.
2, 19
List the prime factors of 98823.
3, 32941
List the prime factors of 25591.
157, 163
List the prime factors of 35804.
2, 8951
List the prime factors of 6554.
2, 29, 113
List the prime factors of 28270.
2, 5, 11, 257
What are the prime factors of 5222?
2, 7, 373
What are the prime factors of 4984?
2, 7, 89
List the prime factors of 1353.
3, 11, 41
List the prime factors of 560.
2, 5, 7
What are the prime factors of 32556?
2, 3, 2713
What are the prime factors of 625?
5
List the prime factors of 48421.
41, 1181
What are the prime factors of 58625?
5, 7, 67
What are the prime factors of 19400?
2, 5, 97
What are the prime factors of 798?
2, 3, 7, 19
List the prime factors of 4847.
37, 131
What are the prime factors of 1018?
2, 509
List the prime factors of 127688.
2, 11, 1451
List the prime factors of 2589.
3, 863
What are the prime factors of 7700?
2, 5, 7, 11
List the prime factors of 18295.
5, 3659
List the prime factors of 595.
5, 7, 17
What are the prime factors of 3942?
2, 3, 73
What are the prime factors of 138354?
2, 3, 23059
List the prime factors of 4464.
2, 3, 31
List the prime factors of 1265.
5, 11, 23
List the prime factors of 28672.
2, 7
What are the prime factors of 6624?
2, 3, 23
List the prime factors of 26550.
2, 3, 5, 59
What are the prime factors of 15518?
2, 7759
List the prime factors of 5124.
2, 3, 7, 61
List the prime factors of 933.
3, 311
List the prime factors of 40903.
40903
What are the prime factors of 3433?
3433
What are the prime factors of 692?
2, 173
List the prime factors of 18605.
5, 61
What are the prime factors of 7801?
29, 269
List the prime factors of 822.
2, 3, 137
List the prime factors of 1795.
5, 359
List the prime factors of 4022.
2, 2011
List the prime factors of 1489.
1489
What are the prime factors of 1126?
2, 563
List the prime factors of 12.
2, 3
List the prime factors of 33857.
33857
What are the prime factors of 25585?
5, 7, 17, 43
What are the prime factors of 998?
2, 499
What are the prime factors of 1414?
2, 7, 101
What are the prime factors of 351?
3, 13
List the prime factors of 484.
2, 11
List the prime factors of 3905.
5, 11, 71
List the prime factors of 23690.
2, 5, 23, 103
What are the prime factors of 1505?
5, 7, 43
List the prime factors of 2654.
2, 1327
List the prime factors of 51297.
3, 17099
List the prime factors of 36422.
2, 18211
What are the prime factors of 542?
2, 271
List the prime factors of 30153.
3, 19, 23
What are the prime factors of 4418?
2, 47
What are the prime factors of 34904?
2, 4363
What are the prime factors of 3613?
3613
List the prime factors of 43100.
2, 5, 431
What are the prime factors of 23693?
19, 29, 43
List the prime factors of 1143.
3, 127
What are the prime factors of 21253?
53, 401
What are the prime factors of 27903?
3, 71, 131
What are the prime factors of 2275?
5, 7, 13
What are the prime factors of 607?
607
List the prime factors of 5511.
3, 11, 167
List the prime factors of 32.
2
List the prime factors of 1285.
5, 257
List the prime factors of 95239.
95239
List the prime factors of 1096.
2, 137
What are the prime factors of 7009?
43, 163
What are the prime factors of 4452?
2, 3, 7, 53
List the prime factors of 37520.
2, 5, 7, 67
What are the prime factors of 2150?
2, 5, 43
What are the prime factors of 8980?
2, 5, 449
List the prime factors of 8681.
8681
What are the prime factors of 2008?
2, 251
What are the prime factors of 55787?
55787
What are the prime factors of 1755?
3, 5, 13
List the prime factors of 32138.
2, 16069
What are the prime factors of 32460?
2, 3, 5, 541
What are the prime factors of 940?
2, 5, 47
What are the prime factors of 39598?
2, 13, 1523
What are the prime factors of 2257?
37, 61
List the prime factors of 4318.
2, 17, 127
List the prime factors of 23850.
2, 3, 5, 53
List the prime factors of 82133.
23, 3571
What are the prime factors of 122395?
5, 7, 13, 269
What are the prime factors of 552?
2, 3, 23
What are the prime factors of 19647?
3, 37, 59
List the prime factors of 921.
3, 307
What are the prime factors of 13788?
2, 3, 383
What are the prime factors of 16616?
2, 31, 67
What are the prime factors of 22540?
2, 5, 7, 23
List the prime factors of 2378.
2, 29, 41
What are the prime factors of 90076?
2, 7, 3217
List the prime factors of 3376.
2, 2